{"id":272,"date":"2024-07-17T21:51:35","date_gmt":"2024-07-17T21:51:35","guid":{"rendered":"https:\/\/ecuadorpreguntas.com\/?page_id=272"},"modified":"2024-08-27T01:17:29","modified_gmt":"2024-08-27T06:17:29","slug":"caces-estudiar-enfermeria","status":"publish","type":"page","link":"https:\/\/ecuadorpreguntas.com\/enfermeria\/caces-estudiar-enfermeria\/","title":{"rendered":"Como estudiar para el Examen CACES de Enfermer\u00eda"},"content":{"rendered":"\n<div class=\"wp-block-cover alignfull wp-duotone-unset-1\" style=\"min-height:351px;aspect-ratio:unset;\"><span aria-hidden=\"true\" class=\"wp-block-cover__background has-background-dim-70 has-background-dim wp-block-cover__gradient-background has-background-gradient\" style=\"background:linear-gradient(90deg,rgb(0,0,0) 0%,rgba(150,149,240,0) 100%)\"><\/span><img loading=\"lazy\" decoding=\"async\" width=\"1000\" height=\"558\" class=\"wp-block-cover__image-background wp-image-1070\" alt=\"Ejerciendo Enfermer\u00eda posterior al examen CACES\" src=\"https:\/\/ecuadorpreguntas.com\/wordpress\/wp-content\/uploads\/2024\/08\/Enfermeria-ejerciendo.webp\" style=\"object-position:42% 56%\" data-object-fit=\"cover\" data-object-position=\"42% 56%\" srcset=\"https:\/\/ecuadorpreguntas.com\/enfermeria\/wp-content\/uploads\/2024\/08\/Enfermeria-ejerciendo.webp 1000w, https:\/\/ecuadorpreguntas.com\/enfermeria\/wp-content\/uploads\/2024\/08\/Enfermeria-ejerciendo-300x167.webp 300w, https:\/\/ecuadorpreguntas.com\/enfermeria\/wp-content\/uploads\/2024\/08\/Enfermeria-ejerciendo-768x429.webp 768w, https:\/\/ecuadorpreguntas.com\/enfermeria\/wp-content\/uploads\/2024\/08\/Enfermeria-ejerciendo-600x335.webp 600w\" sizes=\"auto, (max-width: 1000px) 100vw, 1000px\" \/><div class=\"wp-block-cover__inner-container is-layout-flow wp-block-cover-is-layout-flow\">\n<div class=\"wp-block-group alignwide is-layout-constrained wp-container-core-group-is-layout-111b2e00 wp-block-group-is-layout-constrained\"><h1 class=\"has-text-align-center alignwide wp-block-post-title has-text-color has-white-color has-big-font-size\">Como estudiar para el Examen CACES de Enfermer\u00eda<\/h1><\/div>\n<\/div><\/div>\n\n\n\n<h2 class=\"wp-block-heading\">\u00bfCu\u00e1ndo debo iniciar con mis estudios para el examen CACES de Enfermer\u00eda?<\/h2>\n\n\n\n<p>Es recomendable comenzar a estudiar para el examen lo m\u00e1s temprano posible. Seg\u00fan el Consejo de Aseguramiento de la Calidad de la Educaci\u00f3n Superior (CACES), las preguntas del examen no se basan en los contenidos de los planes de estudio de las universidades, sino en los conocimientos que un profesional de enfermer\u00eda debe poseer para ejercer en el Ecuador. Aunque las universidades deber\u00edan dise\u00f1ar sus mallas curriculares para preparar a los estudiantes para el examen CACES de Enfermer\u00eda, la realidad es diferente. Muchas universidades en el Ecuador no alinean sus planes de estudio con los temas evaluados en el examen, lo que provoca que muchos enfermeros conf\u00eden en que lo aprendido durante sus estudios universitarios ser\u00e1 suficiente para aprobar el examen, pero se sorprenden cuando en el d\u00eda del examen son tomadas preguntas sobre temas que nunca han aprendido durante sus estudios. Por esta raz\u00f3n, es imprescindible comenzar a estudiar lo antes posible para mejorar las posibilidades de \u00e9xito en el examen CACES de Enfermer\u00eda.<\/p>\n\n\n\n<h2 class=\"wp-block-heading\">\u00bfCu\u00e1l es el mejor m\u00e9todo para estudiar para el examen CACES de Enfermer\u00eda?<\/h2>\n\n\n\n<p>La mejor manera de prepararse para el examen de Enfermer\u00eda es utilizando una plataforma educativa enfocada en el aprendizaje activo. EcuadorPreguntas es la plataforma educativa m\u00e1s avanzada del Ecuador para el examen CACES de Enfermer\u00eda, aplicando el aprendizaje activo con m\u00e1s de 3300 preguntas tomadas por el CACES en los \u00faltimos 10 a\u00f1os, acompa\u00f1adas de explicaciones detalladas para cada respuesta. Esto te permite familiarizarte con el formato del examen CACES de Enfermer\u00eda en el Ecuador y entender la justificaci\u00f3n detr\u00e1s de cada pregunta. Adem\u00e1s, practicar con nuestra plataforma educativa puede ayudarte a disminuir la ansiedad y los nervios el d\u00eda del examen.<\/p>\n\n\n\n<h2 class=\"wp-block-heading\">\u00bfCu\u00e1ntas preguntas debo estudiar para aprobar el examen CACES de Enfermer\u00eda?<\/h2>\n\n\n\n<p>Recomendamos estudiar todas las m\u00e1s de 3300 preguntas accesibles a trav\u00e9s de nuestra plataforma educativa. Lo m\u00e1s importante no es solo memorizar las preguntas y respuestas, sino tambi\u00e9n utilizar nuestras explicaciones para desarrollar un entendimiento profundo de la l\u00f3gica detr\u00e1s de cada pregunta. Seg\u00fan nuestros an\u00e1lisis de los ex\u00e1menes tomados en los \u00faltimos 10 a\u00f1os, hemos identificado tres grandes grupos de preguntas en el examen CACES de Enfermer\u00eda:<\/p>\n\n\n\n<ul class=\"wp-block-list\">\n<li>El 60% de las preguntas son similares a preguntas de a\u00f1os anteriores, con cambios en la formulaci\u00f3n de las preguntas o en las respuestas.<\/li>\n\n\n\n<li>El 30% de las preguntas son reutilizadas de a\u00f1os anteriores. Estas preguntas pueden ser exactamente iguales o con peque\u00f1os cambios en la pregunta o respuestas.<\/li>\n\n\n\n<li>El 10% de las preguntas son preguntas nuevas.<\/li>\n<\/ul>\n\n\n\n<p>Bas\u00e1ndonos en los resultados de nuestros an\u00e1lisis, podemos concluir que el mejor m\u00e9todo para aprobar el examen es estudiar las m\u00e1s de 3300 preguntas, junto con nuestras explicaciones detalladas, disponibles en la plataforma educativa EcuadorPreguntas.<\/p>\n\n\n\n<h2 class=\"wp-block-heading\">\u00bfEl Internado Rotativo de Enfermer\u00eda me prepara para el Examen CACES de Enfermer\u00eda?<\/h2>\n\n\n\n<p>Durante el internado rotativo, los internos de enfermer\u00eda adquieren una gran cantidad de habilidades pr\u00e1cticas esenciales para su futura profesi\u00f3n. Para la mayor\u00eda de los estudiantes, es la primera vez que aprenden c\u00f3mo funciona el sistema hospitalario y de salud en el Ecuador. Aunque el internado rotativo es una etapa crucial en la formaci\u00f3n de los enfermeros, es importante destacar que lo aprendido durante este per\u00edodo es principalmente pr\u00e1ctico. El examen CACES de Enfermer\u00eda, en cambio, es un examen exclusivamente te\u00f3rico, sin componente pr\u00e1ctico. Esto significa que gran parte de lo aprendido durante el internado no se eval\u00faa en el examen. Por esta raz\u00f3n, es fundamental estudiar para el examen CACES durante el internado. Con la plataforma educativa EcuadorPreguntas, puedes estudiar durante el internado, en cualquier momento y lugar, utilizando tu computadora, celular o tablet.<\/p>\n","protected":false},"excerpt":{"rendered":"<p>\u00bfCu\u00e1ndo debo iniciar con mis estudios para el examen CACES de Enfermer\u00eda? Es recomendable comenzar [&hellip;]<\/p>\n","protected":false},"author":1,"featured_media":0,"parent":0,"menu_order":0,"comment_status":"closed","ping_status":"closed","template":"","meta":{"productId":0,"courseId":0,"footnotes":""},"class_list":["post-272","page","type-page","status-publish","hentry"],"_links":{"self":[{"href":"https:\/\/ecuadorpreguntas.com\/enfermeria\/wp-json\/wp\/v2\/pages\/272","targetHints":{"allow":["GET"]}}],"collection":[{"href":"https:\/\/ecuadorpreguntas.com\/enfermeria\/wp-json\/wp\/v2\/pages"}],"about":[{"href":"https:\/\/ecuadorpreguntas.com\/enfermeria\/wp-json\/wp\/v2\/types\/page"}],"author":[{"embeddable":true,"href":"https:\/\/ecuadorpreguntas.com\/enfermeria\/wp-json\/wp\/v2\/users\/1"}],"replies":[{"embeddable":true,"href":"https:\/\/ecuadorpreguntas.com\/enfermeria\/wp-json\/wp\/v2\/comments?post=272"}],"version-history":[{"count":9,"href":"https:\/\/ecuadorpreguntas.com\/enfermeria\/wp-json\/wp\/v2\/pages\/272\/revisions"}],"predecessor-version":[{"id":1250,"href":"https:\/\/ecuadorpreguntas.com\/enfermeria\/wp-json\/wp\/v2\/pages\/272\/revisions\/1250"}],"wp:attachment":[{"href":"https:\/\/ecuadorpreguntas.com\/enfermeria\/wp-json\/wp\/v2\/media?parent=272"}],"curies":[{"name":"wp","href":"https:\/\/api.w.org\/{rel}","templated":true}]}}