{"id":505,"date":"2024-07-27T02:47:06","date_gmt":"2024-07-27T02:47:06","guid":{"rendered":"https:\/\/ecuadorpreguntas.com\/?page_id=505"},"modified":"2024-10-23T23:30:31","modified_gmt":"2024-10-24T04:30:31","slug":"caces-resultados-enfermeria-2024","status":"publish","type":"page","link":"https:\/\/ecuadorpreguntas.com\/enfermeria\/caces-resultados-enfermeria-2024\/","title":{"rendered":"Resultados CACES de Enfermer\u00eda Junio 2024"},"content":{"rendered":"\n<div class=\"wp-block-cover alignfull wp-duotone-unset-1\" style=\"min-height:351px;aspect-ratio:unset;\"><span aria-hidden=\"true\" class=\"wp-block-cover__background has-background-dim-70 has-background-dim wp-block-cover__gradient-background has-background-gradient\" style=\"background:linear-gradient(90deg,rgb(0,0,0) 0%,rgba(150,149,240,0) 100%)\"><\/span><img loading=\"lazy\" decoding=\"async\" width=\"2560\" height=\"1787\" class=\"wp-block-cover__image-background wp-image-1078\" alt=\"\" src=\"https:\/\/ecuadorpreguntas.com\/wordpress\/wp-content\/uploads\/2024\/08\/enfermera-estudiando-para-examen-caces-scaled.webp\" style=\"object-position:70% 37%\" data-object-fit=\"cover\" data-object-position=\"70% 37%\" srcset=\"https:\/\/ecuadorpreguntas.com\/enfermeria\/wp-content\/uploads\/2024\/08\/enfermera-estudiando-para-examen-caces-scaled.webp 2560w, https:\/\/ecuadorpreguntas.com\/enfermeria\/wp-content\/uploads\/2024\/08\/enfermera-estudiando-para-examen-caces-300x209.webp 300w, https:\/\/ecuadorpreguntas.com\/enfermeria\/wp-content\/uploads\/2024\/08\/enfermera-estudiando-para-examen-caces-1024x715.webp 1024w, https:\/\/ecuadorpreguntas.com\/enfermeria\/wp-content\/uploads\/2024\/08\/enfermera-estudiando-para-examen-caces-768x536.webp 768w, https:\/\/ecuadorpreguntas.com\/enfermeria\/wp-content\/uploads\/2024\/08\/enfermera-estudiando-para-examen-caces-1536x1072.webp 1536w, https:\/\/ecuadorpreguntas.com\/enfermeria\/wp-content\/uploads\/2024\/08\/enfermera-estudiando-para-examen-caces-2048x1430.webp 2048w, https:\/\/ecuadorpreguntas.com\/enfermeria\/wp-content\/uploads\/2024\/08\/enfermera-estudiando-para-examen-caces-600x419.webp 600w\" sizes=\"auto, (max-width: 2560px) 100vw, 2560px\" \/><div class=\"wp-block-cover__inner-container is-layout-flow wp-block-cover-is-layout-flow\">\n<div class=\"wp-block-group alignwide is-layout-constrained wp-container-core-group-is-layout-111b2e00 wp-block-group-is-layout-constrained\"><h1 class=\"has-text-align-center alignwide wp-block-post-title has-text-color has-white-color has-big-font-size\">Resultados CACES de Enfermer\u00eda Junio 2024<\/h1><\/div>\n<\/div><\/div>\n\n\n\n<h2 class=\"wp-block-heading\">\u00bfComo fue realizada la primera convocatoria del examen CACES de Enfermer\u00eda del 2024?<\/h2>\n\n\n\n<p>El Consejo de Aseguramiento de la Calidad de la Educaci\u00f3n Superior dividi\u00f3 el examen en cuatro diferentes grupos, utilizando diferentes conjuntos de preguntas para cada grupo con el fin de disminuir la posibilidad de deshonestidad acad\u00e9mica durante su aplicaci\u00f3n. El examen de enfermer\u00eda fue tomado en 12 diferentes centros autorizados en el Ecuador. En la primera convocatoria fueron establecidos centros autorizados en las provincias: Guayas, El Oro, Manabi, Imbabura, Chimborazo, Azuay, Pichincha y Loja. Estos centros utilizaron aulas de diversas universidades, incluyendo la Universidad Laica Eloy Alfaro de Manab\u00ed (ULEAM), Universidad T\u00e9cnica de Manab\u00ed (UTM), Universidad de Guayaquil (UG), Universidad Polit\u00e9cnica Salesiana (UPS), Universidad T\u00e9cnica de Machala (UTMACH), Universidad T\u00e9cnica del Norte, Escuela Superior Polit\u00e9cnica de Chimborazo, as\u00ed como las sedes Gir\u00f3n y Sur de la Universidad Polit\u00e9cnica Salesiana en Quito y la Universidad T\u00e9cnica Particular de Loja (UTPL).<\/p>\n\n\n\n<p>El examen consisti\u00f3 en una prueba te\u00f3rica de 100 preguntas de opci\u00f3n m\u00faltiple, cada una con cuatro opciones y una \u00fanica respuesta correcta. El examen CACES de Enfermer\u00eda no tiene parte practico. Los ex\u00e1menes se llevaron a cabo en dos d\u00edas, en horarios de 08h30 a 11h10 y de 14h30 a 17h10, con un tiempo total de 2 horas y 40 minutos para responder las 100 preguntas. Esto equivale a 1 minuto y 36 segundos por pregunta. Por cada respuesta correcta, los evaluados recib\u00edan un punto, sin penalizaci\u00f3n por respuestas incorrectas. En esta convocatoria, el puntaje necesario para aprobar fue de 70 de 100 puntos.<\/p>\n\n\n\n<h2 class=\"wp-block-heading\">\u00bfCu\u00e1ntos enfermeros aprobaron el examen CACES en la primera convocatoria del 2024?<\/h2>\n\n\n\n<p>En Ecuador, el examen CACES es obligatorio para enfermeros, m\u00e9dicos y odont\u00f3logos que han completado sus estudios universitarios, as\u00ed como para profesionales extranjeros que deseen ejercer en el pa\u00eds. De las 3 profesiones, la mayor cantidad de personas que se inscribieron a rendir el examen CACES fueron las de enfermer\u00eda. En esta primera convocatoria del 2024, 3664 enfermeros se inscribieron para rendir el examen, de los cuales 3476 se presentaron. Solo 1501 de ellos aprobaron el examen, mientras que 1975 no lograron obtener una nota suficiente. Esto representa una tasa de aprobaci\u00f3n del 43,18%, lo que significa que menos de la mitad de los profesionales inscritos lograron aprobar.<\/p>\n\n\n\n<figure class=\"wp-block-image aligncenter size-full is-resized\"><img loading=\"lazy\" decoding=\"async\" width=\"1000\" height=\"944\" src=\"https:\/\/ecuadorpreguntas.com\/wordpress\/wp-content\/uploads\/2024\/08\/grafico-circular-aprobados-examen-CACES.webp\" alt=\"Grafico Circular indicando cantidad de aprobados en el examen CACES de Enfermeria del 2024\" class=\"wp-image-1085\" style=\"width:539px;height:auto\" srcset=\"https:\/\/ecuadorpreguntas.com\/enfermeria\/wp-content\/uploads\/2024\/08\/grafico-circular-aprobados-examen-CACES.webp 1000w, https:\/\/ecuadorpreguntas.com\/enfermeria\/wp-content\/uploads\/2024\/08\/grafico-circular-aprobados-examen-CACES-300x283.webp 300w, https:\/\/ecuadorpreguntas.com\/enfermeria\/wp-content\/uploads\/2024\/08\/grafico-circular-aprobados-examen-CACES-768x725.webp 768w, https:\/\/ecuadorpreguntas.com\/enfermeria\/wp-content\/uploads\/2024\/08\/grafico-circular-aprobados-examen-CACES-600x566.webp 600w\" sizes=\"auto, (max-width: 1000px) 100vw, 1000px\" \/><figcaption class=\"wp-element-caption\">Gr\u00e1fico circular que compara la tasa de aprobados y no aprobados en el examen CACES de Enfermer\u00eda. Los resultados son de la primera convocatoria del 2024.<\/figcaption><\/figure>\n\n\n\n<h2 class=\"wp-block-heading\">An\u00e1lisis estad\u00edstico de los resultados del Examen CACES de Enfermer\u00eda del 2024<\/h2>\n\n\n\n<p>El promedio de la nota obtenida fue de 66 sobre 100 puntos, y la mediana fue de 67 sobre 100 puntos, ambas por debajo de la nota m\u00ednima necesaria para aprobar. El percentil 25 fue de 58 puntos, y el percentil 75 de 76 puntos, indicando que el 25% de los evaluados obtuvieron menos de 58 puntos y solo el 25% super\u00f3 los 76 puntos. La desviaci\u00f3n est\u00e1ndar fue de 11,57, lo que refleja una considerable variabilidad en los resultados. Un gran n\u00famero de evaluados obtuvieron notas entre 60 y 69 puntos, con m\u00e1s de 100 evaluados obteniendo un puntaje de 69, a solo un punto de aprobar. La nota m\u00ednima registrada fue de 13 puntos y la m\u00e1xima de 94 puntos.<\/p>\n\n\n\n<figure class=\"wp-block-image size-full is-resized\"><img loading=\"lazy\" decoding=\"async\" width=\"712\" height=\"463\" src=\"https:\/\/ecuadorpreguntas.com\/wordpress\/wp-content\/uploads\/2024\/08\/histograma-resultados-caces-enfermeria-2024.webp\" alt=\"Histograma de resultados del Examen CACES de Enfermer\u00eda del 2024\" class=\"wp-image-1076\" style=\"width:750px;height:auto\" srcset=\"https:\/\/ecuadorpreguntas.com\/enfermeria\/wp-content\/uploads\/2024\/08\/histograma-resultados-caces-enfermeria-2024.webp 712w, https:\/\/ecuadorpreguntas.com\/enfermeria\/wp-content\/uploads\/2024\/08\/histograma-resultados-caces-enfermeria-2024-300x195.webp 300w, https:\/\/ecuadorpreguntas.com\/enfermeria\/wp-content\/uploads\/2024\/08\/histograma-resultados-caces-enfermeria-2024-600x390.webp 600w\" sizes=\"auto, (max-width: 712px) 100vw, 712px\" \/><figcaption class=\"wp-element-caption\">Imagen del informe t\u00e9cnico de resultados del Examen de habilitaci\u00f3n para el ejercicio profesional publicado por el CACES<\/figcaption><\/figure>\n\n\n\n<p>En el Histograma podemos observar que los resultados est\u00e1n concentrados entre 55 y 80 puntos. Solo una peque\u00f1a cantidad de evaluados obtuvieron un puntaje menor a 55 puntos o mayor a 80 puntos. Especialmente escasos son los puntajes mayores a 90. Solo 11 evaluados obtuvieron un puntaje de 90 puntos, 4 evaluados obtuvieron un puntaje de 91, 3 de 92, y solo una persona obtuvo una nota de 94 sobre 100 puntos, siendo la nota m\u00e1xima de la primera convocatoria del examen CACES de Enfermer\u00eda del 2024.<\/p>\n\n\n\n<h2 class=\"wp-block-heading\">\u00bfQu\u00e9 universidades obtuvieron los mejores puntajes?<\/h2>\n\n\n\n<p>La universidad del Ecuador con la mayor tasa de aprobaci\u00f3n en la primera convocatoria del 2024 del examen CACES de Enfermer\u00eda es la Universidad Central del Ecuador en Quito con una tasa de aprobaci\u00f3n de 85% con 68 aprobados de 80 evaluados. El segundo y tercero lugar ocupan la Universidad T\u00e9cnica del Norte y la Universidad de Las Am\u00e9ricas respectivamente, con tasas de aprobaci\u00f3n de aproximadamente 70%. Otras universidades que lograron obtener una tasa de aprobaci\u00f3n de aproximadamente 70% fueron la Universidad T\u00e9cnica Particular de Loja y la Universidad de Cuenca. A nivel ecuatoriano, las Universidades p\u00fablicas obtuvieron una mejor tasa de aprobaci\u00f3n de 49.24% en comparaci\u00f3n con las universidades privadas que alcanzaron una tasa de aprobaci\u00f3n de 36.54% en la primera convocatoria del examen CACES de Enfermer\u00eda del a\u00f1o 2024.<\/p>\n\n\n\n<h2 class=\"wp-block-heading\">\u00bfComo obtener un buen puntaje en el examen CACES de Enfermer\u00eda?<\/h2>\n\n\n\n<p>Prep\u00e1rate con EcuadorPreguntas, la plataforma educativa que te ofrece m\u00e1s de 3,300 preguntas tomadas en los ex\u00e1menes CACES durante los \u00faltimos 10 a\u00f1os, acompa\u00f1adas de explicaciones detalladas para cada respuesta. Al aplicar el aprendizaje activo, podr\u00e1s estudiar de manera efectiva y maximizar tus posibilidades de obtener una excelente nota en el examen.<\/p>\n\n\n\n<p>\u00bfTe gustar\u00eda probar la plataforma? Accede a nuestra demostraci\u00f3n gratuita y descubre c\u00f3mo EcuadorPreguntas puede ayudarte a alcanzar tus metas acad\u00e9micas. \u00a1Haz clic en el siguiente bot\u00f3n para comenzar!<\/p>\n\n\n\n<div class=\"wp-block-buttons is-content-justification-center is-layout-flex wp-container-core-buttons-is-layout-a89b3969 wp-block-buttons-is-layout-flex\">\n<div class=\"wp-block-button\"><a class=\"wp-block-button__link has-text-align-center wp-element-button\" href=\"https:\/\/ecuadorpreguntas.com\/enfermeria-simulador\/mod\/caces\/view.php?id=6\">Ver Demostraci\u00f3n Gratis<\/a><\/div>\n<\/div>\n","protected":false},"excerpt":{"rendered":"<p>\u00bfComo fue realizada la primera convocatoria del examen CACES de Enfermer\u00eda del 2024? El Consejo [&hellip;]<\/p>\n","protected":false},"author":1,"featured_media":0,"parent":0,"menu_order":0,"comment_status":"closed","ping_status":"closed","template":"","meta":{"productId":0,"courseId":0,"footnotes":""},"class_list":["post-505","page","type-page","status-publish","hentry"],"_links":{"self":[{"href":"https:\/\/ecuadorpreguntas.com\/enfermeria\/wp-json\/wp\/v2\/pages\/505","targetHints":{"allow":["GET"]}}],"collection":[{"href":"https:\/\/ecuadorpreguntas.com\/enfermeria\/wp-json\/wp\/v2\/pages"}],"about":[{"href":"https:\/\/ecuadorpreguntas.com\/enfermeria\/wp-json\/wp\/v2\/types\/page"}],"author":[{"embeddable":true,"href":"https:\/\/ecuadorpreguntas.com\/enfermeria\/wp-json\/wp\/v2\/users\/1"}],"replies":[{"embeddable":true,"href":"https:\/\/ecuadorpreguntas.com\/enfermeria\/wp-json\/wp\/v2\/comments?post=505"}],"version-history":[{"count":18,"href":"https:\/\/ecuadorpreguntas.com\/enfermeria\/wp-json\/wp\/v2\/pages\/505\/revisions"}],"predecessor-version":[{"id":1676,"href":"https:\/\/ecuadorpreguntas.com\/enfermeria\/wp-json\/wp\/v2\/pages\/505\/revisions\/1676"}],"wp:attachment":[{"href":"https:\/\/ecuadorpreguntas.com\/enfermeria\/wp-json\/wp\/v2\/media?parent=505"}],"curies":[{"name":"wp","href":"https:\/\/api.w.org\/{rel}","templated":true}]}}